{"id":168,"date":"2011-05-30T01:45:48","date_gmt":"2011-05-30T06:45:48","guid":{"rendered":"http:\/\/talossan.org\/?page_id=168"},"modified":"2011-05-30T01:45:48","modified_gmt":"2011-05-30T06:45:48","slug":"articles","status":"publish","type":"page","link":"https:\/\/www.talossan.org\/?page_id=168","title":{"rendered":"Articles"},"content":{"rendered":"<p>Talossan has four types of articles &#8212; indefinite articles, definite articles, partitive articles, and the universal article. We will discuss these one at a time.<\/p>\n<h2>Singular Indefinite Articles (equivalent to the English &#8220;a&#8221; and &#8220;an&#8221;)<\/h2>\n<p>First, let&#8217;s give you the easy way out. When you want to say &#8220;a&#8221; or &#8220;an&#8221;, you can (almost) always just use the Talossan word <em>&#8216;n<\/em>. This word is pronounced kind of like the English word &#8220;an&#8221; would be pronounced in a quickly spoken sentence like &#8220;on an island&#8221;. Except when the article appears immediately after seven specific words (which use the form <em>iens<\/em>, discussed below), <em>&#8216;n<\/em> is always proper and never wrong; you can use it with any noun and it will always mean &#8220;a&#8221; or &#8220;an&#8221;.<\/p>\n<p>If you want to be more formal than <em>&#8216;n<\/em>, there is a longer form of that indefinite article. This form is <em>\u00fcn <\/em>(for masculine nouns) and <em>\u00fcna <\/em>(for feminine nouns).<\/p>\n<p>As mentioned above, a specific set of seven words, when introducing the indefinite article, cause the article to take a different grammatical case (that is, a word different from <em>\u00fcn<\/em>, <em>\u00fcna<\/em>, or their shared short form <em>&#8216;n<\/em>). These specific words are <em>\u00e0<\/em> (= at, to), <em>come <\/em>(= like, as), <em>contra <\/em>(= against), <em>da <\/em>(= of, from), <em>intra <\/em>(= within), <em>ja <\/em>(= there is, ago), <em>per <\/em>(= for), and the definite articles <em>el <\/em>and <em>la<\/em>. When following any of these words, the indefinite article has its historic (pre-advent of the <em>\u00fcn<\/em>) form, <em>iens <\/em>(a word that formed from the elided form of the word <em>viens<\/em>, which is now used only for the number &#8220;one&#8221;), and the article always elides and contracts with the preceding word, giving <em>\u00e0&#8217;iens<\/em> (= at a, to a), <em>com&#8217;iens<\/em> (= like a, as a), <em>contr&#8217;iens<\/em> (= against a), <em>d&#8217;iens<\/em> (= of a, from a), <em>intr&#8217;iens<\/em> (= within a), <em>ja&#8217;iens<\/em> (= there is a, a [time] ago), <em>pr&#8217;iens<\/em> (= for a), and <em>l&#8217;iens<\/em> (= the one [who, which]). This form of the article has the feminine form <em>iensa <\/em>and the shared plural form <em>iensas<\/em>.<\/p>\n<p>Notice that the form of this indefinite article is now <em>iens<\/em>, although its original derivation was the word <em>viens<\/em>. Use of <em>viens <\/em>gives the phrase a numeric meaning &#8212; compare <em>ja&#8217;iens anneu<\/em> (= a year ago) to <em>ja viens anneu<\/em> (= one year ago). While the form <em>iens <\/em>is almost always seen contracted to the preceding word, it is acceptable to separate it when emphasis in speech on a specific constituent word in such a construction must be communicated: <em>\u00bfzirevas&#8217;t qe votarh\u00e1s CONTRA iensa tra\u00feit\u00e0?<\/em> (= did you say you will vote AGAINST a treaty?!).<\/p>\n<p>The <em>iens <\/em>form of the indefinite article is also seen contracted to third-person singular past-tense verb forms (that is, conjugations that end with <strong>-va<\/strong>). For example, <em>o xhetev&#8217;iensa bola<\/em> (= he threw a ball). The survival of the use of this case for the article in only one specific verb conjugation is unique; some consider it unsupportable and now prefer <em>o xheteva \u00fcna<\/em> (or <em>&#8216;n<\/em>) <em>bola <\/em>(= he threw a ball), which is also proper.<\/p>\n<h2>Plural Indefinite Articles<\/h2>\n<p>What if you have a plural noun, though? You can&#8217;t say &#8220;a sandwiches&#8221; in English. Instead, what do you do? You either leave out the article altogether and let the noun go alone, implying a meaning such as &#8220;any or all&#8221; (as in &#8220;Do you eat sandwiches&#8221;), or you use a word like &#8220;some&#8221; to introduce it, indicating a particular referenced subset (as in &#8220;There are [some] sandwiches on the table&#8221;).<\/p>\n<p>In these cases in Talossan, though, you use either <em>dels<\/em> (for masculine nouns) or <em>dals <\/em>(for feminine nouns). Both of these are contractions of <em>da<\/em> (= of) with the plural definite article (&#8220;the&#8221;; whose Talossan equivalents are discussed below), so that a literal reading of both <em>dels <\/em>and <em>dals <\/em>is &#8220;of the&#8221;. For example, <em>\u00bfMenxh\u00e1s&#8217;t dels s\u00e4ndwitschen<\/em> (= Do you eat sandwiches) and <em>J&#8217;ont dels s\u00e4ndwitschen s\u00fcr la maisa<\/em> (= There are [some] sandwiches on the table).<\/p>\n<p>Note that both of <em>dels <\/em>and <em>dals <\/em>could be replaced by the word <em>dallas<\/em>. However, this is only done in extremely formal or poetic contexts. The word <em>dallas<\/em>, though, is seen used (in preference to <em>dels <\/em>and <em>dals<\/em>) in one specific circumstance, and that is the introduction of the year when providing a date. For example, <em>Listop\u00e4ts dallas 2009<\/em> (= October [of the year] 2009).<\/p>\n<h2>Emphatic Indefinite Articles<\/h2>\n<p>Talossan has another indefinite article, <em>qu\u00e1lsevol<\/em>, which is used with countable nouns and has the meaning &#8220;some unknown or unfamiliar or unimportant&#8221;. It can be considered an &#8220;emphatic indefinite&#8221; article. Note the difference between <em>&#8216;n caciun txaupa<\/em> (= a dog is barking) and <em>qu\u00e1lsevol caciun txaupa<\/em> (= some dog is barking). This is a subtle semantic difference but is also represented in the English translations. In the second case, the speaker is communicating that the specifics about the dog are most likely unknown and unimportant to him. (That is, just as in English, the sentence &#8220;a dog is barking&#8221; might be followed by a thought like &#8220;let&#8217;s go and see whose dog that is&#8221;, but the sentence &#8220;some dog is barking&#8221; would more likely be followed by a sentiment like, &#8220;and I don&#8217;t care which dog it might be&#8221;.)<\/p>\n<p>This article has an irregular plural form <em>qu\u00e1isevois<\/em>, used to indicate &#8220;a non-specific group&#8221; or &#8220;some but not all&#8221;. For example, <em>qu\u00e1isevois cician txaupent<\/em> (= some [unknown] dogs bark\/are barking). Compare this to <em>dels caciun txuapent<\/em> (= dogs bark\/are barking), which is a general statement about all dogs.<\/p>\n<p>Similarly, <em>qu\u00e1isevois vexhetais sint deliciais<\/em> (= some [but not all] vegetables are delicious) indicates an unspecified but proper subset, and contrasts with <em>dels vexhetais sint deliciais<\/em> (= vegetables are delicious) which can be understood as saying something about the tastiness of all vegetables.<\/p>\n<h2>Definite Articles (equivalent to the English &#8220;the&#8221;)<\/h2>\n<p>If you want to introduce a noun with &#8220;the&#8221;, then in Talossan, you use <em>el <\/em>if the noun is masculine, and <em>la <\/em>if the noun is feminine. For example, <em>la pupitra<\/em> (= the desk) and <em>el computex<\/em> (= the computer).<\/p>\n<p>However, if the noun (no matter what its gender might be) begins with a vowel, then you should dump <em>el <\/em>or <em>la <\/em>and just smush <b>l&#8217;<\/b> up against the noun. For example, <em>l&#8217;espagnhour<\/em> (= the spaniel) and <em>l&#8217;abeglha<\/em> (= the bee). In other words, <strong>l&#8217;<\/strong> is used for both masculine and feminine nouns, but only if they begin with a vowel.<\/p>\n<p>In English, the word &#8220;the&#8221; is used for both singular and plural nouns. For example, &#8220;the spaniel&#8221;, &#8220;the spaniels&#8221;, &#8220;the bee&#8221;, &#8220;the bees&#8221;. In Talossan, however, if a noun is plural, the article (whichever is appropriate for the gender of the noun) becomes plural too, by the addition of the letter <strong>-s<\/strong> to it. For example, <em>els espagnhours<\/em> (= the spaniels) and <em>las abeglhas<\/em> (= the bees).<\/p>\n<p>Notice that when a plural noun is involved, you cannot use the <strong>l&#8217;<\/strong> trick. That is, <em>l&#8217;espagnhours<\/em> is improper for &#8220;the spaniels&#8221;; you need to spell out the entire definite article \u2014 <em>els espagnhours<\/em>.<\/p>\n<p>There is also one other definite article, having a special and limited use. The word <em>li <\/em>(which can be thought of as meaning &#8220;the date of&#8221;) is used exclusively and only in the construction of dates. For example, <em>li 10. Listop\u00e4ts<\/em> (= the tenth of October). Do not use <em>li <\/em>anywhere else, and do not use <em>el <\/em>or <em>la <\/em>in this circumstance.<\/p>\n<h2>Partitive Articles<\/h2>\n<p>If you think about it, there are some nouns in Talossan (and English) that just plain don&#8217;t work with an indefinite article. These are called &#8220;mass nouns&#8221; or &#8220;uncountable nouns&#8221;. For example, although you can say &#8220;the garbage&#8221; (using the definite article), it is wrong to say &#8220;a garbage&#8221; (that is, the indefinite article just doesn&#8217;t work with this word). To indicate a single piece of garbage, you have to say, well, &#8220;a piece of garbage&#8221;.<\/p>\n<p>These words are not at all uncommon. When ordering at a cafeteria, you might say &#8220;I will have a milk&#8221;, but this is not a common phrasing, and what you are really saying is &#8220;I will have a glass (or carton) of milk&#8221;. When offering your wine glass for a refill, you might say &#8220;I will have a red&#8221;, what you are really saying is &#8220;I will have some (of the) red wine&#8221;.<\/p>\n<p>In all of these cases, you are doing what you can to deal with uncountable nouns in English. When you encounter a situation in Talossan that is like any of those described here, you will want to use the partitive article. As we&#8217;ve seen, English typically uses no article at all (for example, &#8220;I drank milk&#8221;; grammarians actually call this the &#8220;no article&#8221; construction), so there is no direct equivalent to Talossan; however, you might think of Talossan&#8217;s &#8220;partitive article&#8221; as &#8220;some\/any of the&#8221; or &#8220;some\/any amount of the&#8221;, and luckily, the Talossan partitive article is pretty much just that \u2014 a direct translation of English&#8217;s &#8220;of the&#8221;.<\/p>\n<p>When introducing an uncountable noun in Talossan, use <em>del<\/em> (if the noun is masculine) or <em>dal <\/em>(if it is feminine). For example, <em>dal ispe\u00e7a xhenera del garbatx<\/em> (= [any amount of] shopping generates [some amount of] garbage) and <em>vaes c\u00e4tsilor alufient dal lapta<\/em> (= my cats drink [some] milk).<\/p>\n<p>Note that this correspondence to English &#8220;some&#8221; is not to be confused with that of the indefinite article <em>qu\u00e1lsevol<\/em>, discussed above, which is used for countable nouns and can also be translated as English &#8220;some&#8221;.<\/p>\n<h2>The Universal Article (equivalent to the English &#8220;all of the&#8221;)<\/h2>\n<p>Talossan has a special form for indicating every single instance of something, anywhere and everywhere. If you want to say &#8220;all of the&#8221;, then you can use the universal article <em>toct i<\/em>. For example, <em>toct i cician<\/em> (= all dogs).<\/p>\n<p>Notice that the word <em>toct<\/em>, by itself, means &#8220;all&#8221;. So you can also say <em>toct dels cician<\/em> (= all of the dogs), which is nearly equivalent. But <em>toct i<\/em> is used when the intent is to include every single dog everywhere, while <em>toct dels<\/em> is preferable when indicating every single dog in a specific referenced group of dogs, but not any of the dogs, say, on the other side of the earth.<\/p>\n<p>Of course, <em>toct i<\/em> is also useful for purposes of exaggeration, and in fact, one common idiom, <em>toct i tzara<\/em> (literally = all the earth, and having the meaning &#8220;everyone&#8221;) is an example of that. For instance, <em>toct i tzara t&#8217;ament<\/em> (= everyone loves you). [Spanish and English both have a similar idiom, <em>todo el mundo<\/em> and &#8220;all the world&#8221;.]<\/p>\n<p><center><a href=\"\/?page_id=57\"><input class=\"inputSubmit\" type=\"button\" value=\"Next: Persons, Places, and Things in Talossan...\" \/><\/a><\/center><\/p>\n","protected":false},"excerpt":{"rendered":"<p>Talossan has four types of articles &#8212; indefinite articles, definite articles, partitive articles, and the universal article. We will discuss these one at a time. Singular Indefinite Articles (equivalent to the English &#8220;a&#8221; and &#8220;an&#8221;) First, let&#8217;s give you the easy way out. When you want to say &#8220;a&#8221; or &#8220;an&#8221;, you can (almost) always [&hellip;]<\/p>\n","protected":false},"author":1,"featured_media":0,"parent":55,"menu_order":2,"comment_status":"closed","ping_status":"closed","template":"onecolumn-page.php","meta":[],"_links":{"self":[{"href":"https:\/\/www.talossan.org\/index.php?rest_route=\/wp\/v2\/pages\/168"}],"collection":[{"href":"https:\/\/www.talossan.org\/index.php?rest_route=\/wp\/v2\/pages"}],"about":[{"href":"https:\/\/www.talossan.org\/index.php?rest_route=\/wp\/v2\/types\/page"}],"author":[{"embeddable":true,"href":"https:\/\/www.talossan.org\/index.php?rest_route=\/wp\/v2\/users\/1"}],"replies":[{"embeddable":true,"href":"https:\/\/www.talossan.org\/index.php?rest_route=%2Fwp%2Fv2%2Fcomments&post=168"}],"version-history":[{"count":0,"href":"https:\/\/www.talossan.org\/index.php?rest_route=\/wp\/v2\/pages\/168\/revisions"}],"up":[{"embeddable":true,"href":"https:\/\/www.talossan.org\/index.php?rest_route=\/wp\/v2\/pages\/55"}],"wp:attachment":[{"href":"https:\/\/www.talossan.org\/index.php?rest_route=%2Fwp%2Fv2%2Fmedia&parent=168"}],"curies":[{"name":"wp","href":"https:\/\/api.w.org\/{rel}","templated":true}]}}