{"id":59,"date":"2011-05-26T16:45:05","date_gmt":"2011-05-26T21:45:05","guid":{"rendered":"http:\/\/talossan.org\/?page_id=59"},"modified":"2011-05-26T16:45:05","modified_gmt":"2011-05-26T21:45:05","slug":"adjectives","status":"publish","type":"page","link":"https:\/\/www.talossan.org\/?page_id=59","title":{"rendered":"Adjectives"},"content":{"rendered":"<p>Adjectives, of course, are words (like &#8220;red&#8221; and &#8220;hot&#8221; and &#8220;sexy&#8221;) that describe nouns. Talossan adjectives differ in their use from English adjectives in four notable (but not scary) ways:<\/p>\n<ul>\n<ul>\n<li><strong>Adjectives May Be Used As Nouns.<\/strong> In Talossan, you can omit a noun being described if the context of the sentence allows it to be clear what the noun is. In English, typically a noun cannot completely disappear, but can be replaced with the word &#8220;one&#8221;. For example, in the sentence &#8220;he is the thin one&#8221;, it is clear that the reader knows what noun the word &#8220;one&#8221; stands for (&#8220;a man&#8221;, &#8220;a boy&#8221;, &#8220;a dog&#8221;, etc.). In Talossan, you can simply say <em>o isch el stiglh<\/em> (= he is the thin). Don&#8217;t go overboard with this \u2014 it is certainly not wrong (or in any sense uncommon) to provide the noun: <em>o isch el garziun stiglh<\/em> (= he is the thin boy).<\/li>\n<\/ul>\n<p>&nbsp;<\/p>\n<ul>\n<li><strong>Adjectives Typically Follow The Noun.<\/strong> As you&#8217;ve seen in numerous examples, including the last one given just above, an adjective in Talossan will usually follow the noun it is describing. This is different from English, in which the adjective precedes the noun. For example, <em>la casa roxh<\/em>, which literally translates to &#8220;the house red&#8221;, is how Talossan would express what English would say as &#8220;the red house&#8221;.<br \/>\nIf multiple adjectives are used to describe the same noun, this same rule is still followed, and the word <em>es <\/em>(= and) is used to separate them. That is, where English would say &#8220;the red and green house&#8221;, Talossan would say <em>la casa roxh es virt<\/em> (literally, &#8220;the house red and green&#8221;).<\/p>\n<p>It is common for new users of Talossan to ignore or forget this rule, and to position adjectives before the noun, as is done in English. You should be sure to get into the habit of using nouns before describing them. (And, in case you&#8217;d forgotten, this is also a good time to remind you that another related habit you should get into is to accompany your nouns with articles.)<\/p>\n<p>That said, there are times when adjectives do appear before a noun, instead of after it. (You had to know there&#8217;d be exceptions, didn&#8217;t you?) Luckily, the three exceptions are fairly common-sense.<\/p>\n<ul>\n<ul>\n<li>The first exception is when the adjective is to be especially stressed, as being even more important in a sentence than the noun it is describing. For example, <em>la roxh casa<\/em> (= the red house) is not improper, but to use this phrasing will imply to the hearer or reader that the redness of the house is somehow shocking or surprising (to you). This is also why you see <em>\u00a1Felicia Nadali\u00e7a!<\/em> (= Happy Birthday!), rather than <em>\u00a1Nadali\u00e7a Felicia!<\/em>; the (wish for the) happiness of the event is more important than the event itself.<\/li>\n<\/ul>\n<\/ul>\n<p>&nbsp;<\/p>\n<ul>\n<ul>\n<li>The second exception is that when the adjective is describing how many of something there are, this adjective always goes before the noun. That is, you would say <em>doua valeinas<\/em> (= two whales), not <em>valeinas douas<\/em> (= literally, whales twos).<\/li>\n<\/ul>\n<\/ul>\n<p>&nbsp;<\/p>\n<ul>\n<li>The final exception is when the adjective is one that indicates possession. For example, you would say <i>vaes casas<\/i> (= my houses), and not <i>casas vaes<\/i>.<\/li>\n<\/ul>\n<\/li>\n<\/ul>\n<\/ul>\n<p>&nbsp;<\/p>\n<ul>\n<li><b>Adjectives Pluralise.<\/b> We have also seen examples of this, and this is a definite difference from English, in which adjectives do not take plural forms. For example, in English you would say both &#8220;the red house&#8221; and &#8220;the red houses&#8221;, but in Talossan, you would say <em>la casa roxh<\/em> and <em>las casas roxhen<\/em>.The plural form of an adjective is formed using the exact same rules that we went over concerning pluralising of nouns. (This is why <em>roxh <\/em>took the suffix <strong>-en<\/strong>, above.)<\/li>\n<li><strong>Some (but not all) Adjectives Have Feminine Forms. <\/strong>As we discussed, in Talossan, nouns are either masculine or feminine, a concept foreign to English. We have said that the gender of a noun affects what form of article (for example, <em>el <\/em>or <em>la<\/em>) is used with the noun. It also affects what form of (certain) adjectives should be used.<br \/>\nThe vast majority of Talossan adjectives are like English in this respect \u2014 they do not modify for gender. The adjective <em>roxh <\/em>(= red) is one such adjective. A masculine noun like <em>tesch <\/em>(= roof) and a feminine noun like <em>casa <\/em>(= house) would both use <em>roxh<\/em>.<\/p>\n<p>However, in five cases, an adjective will take a feminine form when used to describe a feminine noun. These cases are:<\/p>\n<ul>\n<ul>\n<li>If an adjective ends with either <strong>-eu<\/strong> or <strong>-\u00e9u<\/strong>, then it has a feminine form that is created by changing that ending. The <strong>-eu<\/strong> ending changes to <strong>-a<\/strong> and the <strong>-\u00e9u<\/strong> ending changes to <strong>-\u00e9a<\/strong>. For example, <em>el tesch braneu<\/em> (= the brown roof) but <em>la casa brana<\/em> (= the brown house), and <em>el tesch c&#8217;hal\u00e9u<\/em> (= the damp roof) but <em>la casa c&#8217;hal\u00e9a<\/em> (= the damp house).<br \/>\nNotice that if the adjective ends with <strong>-ceu<\/strong> or <strong>-cheu<\/strong> (but not <strong>-scheu<\/strong>), the feminine form is modified to preserve the pronunciation of the consonant in that ending. The <strong>-ceu<\/strong> ending becomes <strong>-cia<\/strong> and the <strong>-cheu<\/strong> ending becomes <strong>-ca<\/strong>. For example, <em>el garziun feliceu<\/em> (= the happy boy) but <em>la crian\u00e7a felicia<\/em> (= the happy girl), and <em>el tesch ambracafirancheu<\/em> (= the reddish-brown roof) but <em>la casa ambracafiranca<\/em> (= the reddish-brown house).<\/li>\n<li>If the adjective ends with <strong>-at<\/strong>, it has a feminine form <strong>-ada<\/strong>. Most (but not all) such adjectives are past participles (but whether it is a past participle or not, all such adjectives do see their endings change to <strong>-ada<\/strong> when referring to, or standing for feminine nouns). The past participle is relatively easy to keep track of. That form is equivalent to the <strong>-ed<\/strong> verb-ending in English. That is, &#8220;baked&#8221; is the past participle form of the English verb &#8220;to bake&#8221;. (Note that English has quite a few irregular past participle forms, such as &#8220;eaten&#8221;, &#8220;taken&#8221;, etc.) In Talossan, the equivalent verb-ending is <strong>-at<\/strong>, with the feminine form <strong>-ada<\/strong>; you can usually recognize an adjective as being a past-participle form by this ending. For example, <em>el tesch cursat<\/em> (= the cursed roof) but <em>la casa cursada<\/em> (= the cursed house).<br \/>\nNote that there is actually another, completely equivalent, form of the Talossan past participle (other than <strong>-at<\/strong>). This ending is <b>-escu<\/b>, and it has no feminine form. So if an adjective has the word-ending <strong>-escu<\/strong>, it does <span style=\"text-decoration: underline;\">not<\/span> have a different feminine form for use with feminine nouns. For example, <em>el tesch apnescu<\/em> (= the open roof) and <em>la casa apnescu<\/em> (= the open house).<\/li>\n<li>Adjectives that end with <strong>-esc<\/strong> (which you might liken to the English &#8220;-ish&#8221; ending) take the <strong>-easca<\/strong> feminine ending. For example, <em>el tesch amesc<\/em> (= the lovely roof) but <em>la casa ameasca<\/em> (= the lovely house).<!-- [There are not very many adjectives like this in Talossan &mdash; only about 75 or so.] --><\/li>\n<\/ul>\n<\/ul>\n<p>&nbsp;<\/p>\n<ul>\n<ul>\n<li>The adjectival ending <strong>-\u00f6s<\/strong> (which equates to the English &#8220;-ous&#8221; ending as in &#8220;curious&#8221; and &#8220;obvious&#8221;) becomes <strong>-\u00f6sa<\/strong> in the feminine. This is actually because this ending was originally <strong>-\u00f6seu<\/strong>, but the <strong>-eu<\/strong> has dropped off over time (though it can still be seen in some words, such as <em>nerligi\u00f6seu <\/em>= unreligious). Notice that this historic loss of the <b>-eu<\/b> ending has caused stress to shift left by one syllable in words having the <b>-\u00f6s<\/b> ending, though is is not uncommon to hear the <strong>-\u00f6s<\/strong> ending stressed (as if written <b>-\u00f4s<\/b>), as it is in other Romance language cognates, like Spanish &#8220;-oso&#8221;.<\/li>\n<\/ul>\n<\/ul>\n<p>&nbsp;<\/p>\n<ul>\n<li>The adjectival ending <strong>-ic<\/strong> becomes <strong>-ica<\/strong> in the feminine. Again, this is actually because the masculine ending has lost an original <strong>-eu<\/strong> ending (still seen in some words such as <em>ar\u00e1pticeu<\/em> = delerious).<\/li>\n<\/ul>\n<p>&nbsp;<\/p>\n<p>Feminine adjectival forms also will pluralise when used with plural nouns. So <em>las casas ameascas<\/em>.<\/li>\n<\/ul>\n<h2>Adjectives With Irregular Feminine Forms<\/h2>\n<p>As we discussed, most adjectives do not have distinct feminine forms. We also went over the rules for those adjectives having specific endings that do have feminine forms. There are a small set of others that have feminine forms that are irregular. There aren&#8217;t that many irregular feminine forms to remember, and quite a few of them are commonly used, so here they all are:<\/p>\n<ul>\n<li><em>acest <\/em>(= this or that) becomes <em>aceasta<\/em><\/li>\n<li><em>ac\u00fb <\/em>(= acute, sharp) becomes <em>ac\u00fcta<\/em><\/li>\n<li><em>bel <\/em>(= beautiful) becomes <em>bela<\/em><\/li>\n<li><em>bl\u00e9u <\/em>(= blue) becomes <em>blua<\/em><\/li>\n<li><em>Europ\u00e9u <\/em>(= European) becomes <em>Europ\u00e9ia <\/em>(note that this is a historical remnant; all adjectives ending in <strong>-\u00e9u<\/strong> used to become feminine in this way)<\/li>\n<li><em>negreu<\/em> (= black) has the feminine form <em>neagra<\/em><\/li>\n<li><em>nig\u00fct <\/em>(= zany) has the feminine form <em>nig\u00fcta<\/em><\/li>\n<li><em>noveu<\/em> (= new) has the feminine form <em>noua<\/em><\/li>\n<li><em>n\u00fc <\/em>(= nude) has the feminine form <em>n\u00fcda<\/em><\/li>\n<li><em>proxim<\/em> (= near) has the feminine form <em>proxima<\/em><\/li>\n<li><em>pr\u00fcm <\/em>(= first) has the feminine form <em>pr\u00fcma<\/em><\/li>\n<li><em>timit <\/em>(= shy, timid) has the feminine form <em>timida<\/em><\/li>\n<li><em>vell<\/em> (= old) has the feminine form <em>vea<\/em><\/li>\n<li><em>viens <\/em>(= one, single) has the feminine form <em>viensa<\/em><\/li>\n<\/ul>\n<h2>Adjectives Having Irregular Plural Forms<\/h2>\n<p>We discussed how Talossan adjectives take a plural form when used to describe plural nouns. However, there are some adjectives that simply do not do so, and there are some others that have irregular plural forms.<\/p>\n<p>Adjectives of number (such as <em>doua<\/em> = two, <em>tres<\/em> = three, <em>vuit<\/em> = eight, etc.) do not take a plural form. That is, you would say <em>simca casas<\/em> (= five houses), not <em>simcas casas<\/em>. Notice, however, that you <span style=\"text-decoration: underline;\">would<\/span> pluralise these words when they are used to refer to groups, such as <em>chints dals casas<\/em> (= hundreds of houses).<\/p>\n<p>Most possessive adjectives are sometimes seen used in their singular form even when referring to a plural noun. For example: both <em>va casa <\/em>(= my house) and <em>va casas<\/em> (= my houses) are proper \u2014 the adjective <em>va <\/em>(= my) did not take a plural form, though it could have \u2014 <em>vaes casas<\/em> is also (more) proper.<\/p>\n<p>The following adjectives also never take a plural form: <em>auc\u00fcn <\/em>(= none, not any), <em>\u00e7aob\u00e9n <\/em>(= how many, how much), <em>cacsa <\/em>(= such, quite, such a\u2026), <em>emb\u00f9 <\/em>(= \u2018both\u2019), <em>ingen <\/em>(= any), <em>qetevri <\/em>(= whatever), and <em>qissen <\/em>(= \u2018whose\u2019).<\/p>\n<p>There are nine other adjectives that have irregular plural forms. These are:<\/p>\n<ul>\n<li><em>acest<\/em> and its feminine form <em>aceasta <\/em>(= this or that) share the plural form <em>acestilor <\/em>(= these or those)<\/li>\n<li><em>fiir <\/em>(= proud, loyal) has the plural form <em>fiis<\/em><\/li>\n<li><em>noastra <\/em>(= our) has the plural form <em>noschtri<\/em><\/li>\n<li><em>po<\/em> (= few) has the plural form <em>pocs<\/em><\/li>\n<li><em>political <\/em>(= political) has the irregular plural form <em>politici<\/em>, but the regular plural form <em>politicais <\/em>is also proper,<\/li>\n<li><em>proxim <\/em>(= near) has the plural form <em>proxins<\/em><\/li>\n<li><em>quist <\/em>(= the former) has the plural form <em>quisten<\/em><\/li>\n<li><em>voastra <\/em>has the plural form <em>voschtri<\/em>.<\/li>\n<\/ul>\n<p>Finally, in a weird little corner of Talossan, there are five adjectives that have a plural form that is irregular only in that the stress moves one syllable left. These are <em>Belxh\u00edc <\/em>(= Belgian), <em>evanxhel\u00edc<\/em> (= evangelical), <em>matxent\u00edc <\/em>(= magical), <em>\u00f6c\u00fcmen\u00edc <\/em>(= ecumenical), and <em>p\u00fcbl\u00edc <\/em>(= public). The stressmark is dropped from these words when they are pluralised, essentially moving the stress one syllable earlier in the word. That is, <em>p\u00fcbl\u00edc<\/em> is stressed on the final syllable, but the plural form <em>p\u00fcblici <\/em>is stressed on its first syllable.<\/p>\n<h2>Some Common or Notable Adjectives<\/h2>\n<p>The adjectives <em>cacsa <\/em>means &#8220;such a&#8221;. For example, <em>c&#8217;e cacsa \u00feonta<\/em> (= it is such a shame). This adjective does not have a plural form, so <em>os sint cacsa ardits<\/em> (= they are such brave [men]).<\/p>\n<p>The word <em>tal <\/em>also means &#8220;such a&#8221;. You would use this word less sarcastically than you would use <em>cacsa<\/em>, though. For example, <em>tal perziun riuschlarha<\/em> (= such a person will succeed). For cases like this, though, the phrase <em>com&#8217;acest<\/em> (= like this) is more common. For example, <em>perziuns com&#8217;acestilor riuschlarhent<\/em> (= persons like that will succeed).<\/p>\n<p>The word <em>altreu<\/em> is used for &#8220;other&#8221;. It has a feminine form <em>altra<\/em>. For example <em>\u00bfdovest\u00e0 l&#8217;altreu ci\u00f3vec?<\/em> (= where is the other man?) and <em>\u00bfdove sint las altras frulor?<\/em> (= where are the other women?)<\/p>\n<p>The adjective <em>cadascu<\/em> means &#8220;each&#8221; or &#8220;every&#8221;. It is often written (and spoken) in the shortened form <em>ca&#8217;scu<\/em>. For example, <em>cadascu dels cioveci<\/em> (= each [one] of the men) and <em>ca&#8217;scu dels parleirs<\/em> (= each [one] of the speakers).<\/p>\n<p>We have seen the word <em>toct <\/em>(= all) before. What is worth noting about it here is that in a phrase such as &#8220;all of us&#8221;, you should remember to put the adjective after the pronoun, and form the phrase as &#8220;us all&#8221;. That is, <em>noi toct<\/em> (= us all) is proper Talossan, while <em>toct noi<\/em> (which would literally be &#8220;all us&#8221;) is improper.<\/p>\n<p>The adjective <em>quan\u00e7eu <\/em>means &#8220;how many&#8221; or &#8220;how much&#8221;. For example, <em>quan\u00e7a lapta<\/em> (= how much milk), and <em>quan\u00e7eux fis<\/em> (= how many threads).<\/p>\n<p>To say &#8220;as much as&#8221; or &#8220;so much as&#8221;, you would use the phrases <em>tondavon qe<\/em>, <em>sa m\u00fclt qe<\/em>, and <em>sa m\u00fbchet come<\/em>. For example, <em>t\u00e9u sa m\u00fbchet dal apa come txamais<\/em> (= I have as much water as ever) and <em>a tent sa m\u00fclt capacit\u00e0 qe tu<\/em> (= she has as much talent as you). Notice that here is a case when a noun need not be accompanied by an article.<\/p>\n<p>The adjectives <em>m\u00fclt <\/em>and <em>muiteu <\/em>(with its feminine form muita) are applied to singular nouns having the meaning akin to English &#8220;much, a lot of, or much of&#8221;. For example, <em>muita lapta tent estescu listrada<\/em> (= much has been spilled). Notice that you should not modify either of these adjectives with the word <em>tro <\/em>(= too), as you would in English. That is, <em>tro m\u00fclt<\/em> (literally &#8220;too much&#8221;) is improper Talossan, in much the same way that &#8220;very lots&#8221; would be improper in English. To say &#8220;too much&#8221; or &#8220;too many&#8221;, just use the single word <em>tro<\/em>. For example, <em>c&#8217;e tro fr\u00fc<\/em> (= it is too early) and <em>o re\u00e7aifeva tro criedit<\/em> (= he received too much credit).<\/p>\n<p>The adjective <em>po <\/em>(= few) has the irregular plural form <em>pocs<\/em>, and (just as in English) to refer to &#8220;a few&#8221; of something, you would use <em>&#8216;n po<\/em> (= a few). For example, <em>pocs garziuns lirent<\/em> (= few boys read) and<em> &#8216;n po dels garziuns lirent<\/em> (= a few of the boys read).<\/p>\n<p>The words <em>p\u00fc <\/em>(= more) and <em>m\u00edus <\/em>(= less) are used with <em>da <\/em>(= of) in comparative phrases just as in English, except that the order of the phrasing puts the noun first. That is, <em>apa da ph\u00fc<\/em> (= more water), <em>agognh da mh\u00edus<\/em> (= less agony), and <em>\u00fe\u00e1riqeux da mh\u00edus<\/em> (= fewer beans). Notice that both of these words (<em>p\u00fc<\/em> and <em>m\u00edus<\/em>) are among those for which consonant mutation is usually made explicit in spelling.<\/p>\n<p>To indicate a negative in a descriptive phrase, use the word <em>non <\/em>(= not) to negate the verb, just like in English. For example,<em> o non isch ardit<\/em> (= he is not brave). There is also the negating adjective <em>auc\u00fcn<\/em>, which has a meaning similar to &#8220;none&#8221; or &#8220;not any&#8221;. When you use this word (which does not vary for number or gender), you typically would not also use <em>non <\/em>in the phrase. For example,<em> t\u00e9u auc\u00fcn<\/em> (= I have none) and <em>auc\u00fcn equas coriarhent<\/em> (= no [not any] fillies will race).<\/p>\n<p>There are other negating adjectives too, such as <em>nicacal <\/em>(= no kind of). For example, <em>ama nicacais vineux<\/em> (= he likes no kinds of wine).<\/p>\n<p>Finally, there are some adjectives (often formed by a prefix akin to English &#8220;un-&#8221; or &#8220;non-&#8220;) that have negative meaning, and which you would use in affirmative statements. This is just like in English. For example, <em>a isch unsin\u00e7ar<\/em> (= she is insincere).<\/p>\n<p><center><a href=\"\/?page_id=65\"><input class=\"inputSubmit\" type=\"button\" value=\"Next: Quickly, Adeptly, and Easily Learn About Talossan Adverbs...\" \/><\/a><\/center><\/p>\n","protected":false},"excerpt":{"rendered":"<p>Adjectives, of course, are words (like &#8220;red&#8221; and &#8220;hot&#8221; and &#8220;sexy&#8221;) that describe nouns. Talossan adjectives differ in their use from English adjectives in four notable (but not scary) ways: Adjectives May Be Used As Nouns. In Talossan, you can omit a noun being described if the context of the sentence allows it to be [&hellip;]<\/p>\n","protected":false},"author":1,"featured_media":0,"parent":55,"menu_order":8,"comment_status":"open","ping_status":"closed","template":"onecolumn-page.php","meta":[],"_links":{"self":[{"href":"https:\/\/www.talossan.org\/index.php?rest_route=\/wp\/v2\/pages\/59"}],"collection":[{"href":"https:\/\/www.talossan.org\/index.php?rest_route=\/wp\/v2\/pages"}],"about":[{"href":"https:\/\/www.talossan.org\/index.php?rest_route=\/wp\/v2\/types\/page"}],"author":[{"embeddable":true,"href":"https:\/\/www.talossan.org\/index.php?rest_route=\/wp\/v2\/users\/1"}],"replies":[{"embeddable":true,"href":"https:\/\/www.talossan.org\/index.php?rest_route=%2Fwp%2Fv2%2Fcomments&post=59"}],"version-history":[{"count":0,"href":"https:\/\/www.talossan.org\/index.php?rest_route=\/wp\/v2\/pages\/59\/revisions"}],"up":[{"embeddable":true,"href":"https:\/\/www.talossan.org\/index.php?rest_route=\/wp\/v2\/pages\/55"}],"wp:attachment":[{"href":"https:\/\/www.talossan.org\/index.php?rest_route=%2Fwp%2Fv2%2Fmedia&parent=59"}],"curies":[{"name":"wp","href":"https:\/\/api.w.org\/{rel}","templated":true}]}}